 the remainder when 371 is divided by h?
184
Let f(g) = 11*g**2. Suppose -3434 = -5*l - 1064. Let u = l + -378. What is the remainder when u is divided by f(-1)?
8
Let q be 35 + 8/(2 + 2). Let u(r) = -r**2 + 5*r + 120. Let t be u(11). Suppose q*h = 40*h - t. Calculate the remainder when 104 is divided by h.
14
Let y = 326 - 261. Let r = -39 + y. What is the remainder when 74 is divided by r?
22
Let t be (-12)/15 + (-76)/(-20). Suppose 2*l + 3*l - 5 = -5*p, -5*l - t*p - 3 = 0. What is the remainder when 24 is divided by l/(-2)*10/3?
4
Let t = -228 + 233. Let y(j) = 40*j + 1. Let h(m) = -121*m - 4. Let n(w) = -3*h(w) - 8*y(w). Calculate the remainder when n(t) is divided by 37.
34
What is the remainder when (-10464)/(-5) - (-135)/675 is divided by 190?
3
What is the remainder when 5 + (-8 - -4) + 298 is divided by 303/4 - 30/(-120)?
71
Suppose 2*t = 5*p - 0 + 42, 10 = 2*t + 3*p. Let f(q) = q**3 + 5*q**2 - 56*q - 7. What is the remainder when f(-10) is divided by t?
9
Let i(s) = -s**3 + 3*s**2 - 4*s - 2. Let p be i(-3). Let a be ((-2)/18*-3)/((-4)/492). Let z = a + p. Calculate the remainder when 112 is divided by z.
20
What is the remainder when 2*46/(-4)*-13 is divided by 101?
97
Suppose 17629 = 120*h + 4789. Suppose -l = -6*l + 125. What is the remainder when h is divided by 15/l + 354/10?
35
Let s(q) = 2*q**2 - 10*q + 68. What is the remainder when 335 is divided by s(5)?
63
Suppose -55 - 121 = 8*q. Calculate the remainder when q/(-66)*(1147 - 1*-2) is divided by 16.
15
Calculate the remainder when 256/3*(-34)/((-476)/42) is divided by 29.
24
Suppose z - 5*j - 81 = 0, 176 = 2*z - 9*j + 13*j. What is the remainder when 1043 is divided by z?
11
Let p(j) = 52*j + 899. Let s = 141 + -82. Calculate the remainder when s is divided by p(-17).
14
Let i(f) = -f**2 + 9*f + 152. Let n(x) = x**3 - 11*x**2 + 6*x - 6. Calculate the remainder when n(11) is divided by i(17).
12
Let k = -3826 - -3899. Calculate the remainder when k is divided by 30.
13
Suppose 5*t = 3*t + 46. Calculate the remainder when 2 + 250/5 + -9 is divided by t.
20
Let g = -79 + 75. Let d be (55/(-10) - g)*-2. Calculate the remainder when (d/((-6)/4))/((-12)/162) is divided by 10.
7
Suppose -v + 42 = 5*o, o - 2*o + 2*v + 4 = 0. Let z = 104 - 57. Calculate the remainder when z is divided by o.
7
Suppose -3*j + 3519 = 2*a, -17*j + 13*j + 4690 = 3*a. Calculate the remainder when 1185 is divided by j.
8
Let y be 8*(-4)/(-8) - 10. Calculate the remainder when 6*16/12 + -4 is divided by (-25)/y - (-6)/(-36).
0
Calculate the remainder when ((-85)/20 + 5)/(8/4768) is divided by 10.
7
Suppose 21 = -7*z - 4*k + 76, -5*k - 10 = 0. What is the remainder when 618 is divided by z?
6
Let o(v) = v**3 - 71*v**2 - 68*v - 260. Calculate the remainder when 525 is divided by o(72).
21
Suppose 7 = 2*u - 1, 5*s - 83 = -2*u. Let p = s + 35. What is the remainder when 149 is divided by p?
49
What is the remainder when (426/15)/(14 - (-10072)/(-720)) is divided by 16?
12
Suppose -z + 5*n + 96 = 0, -2*z - 4*n + 93 = -29. Calculate the remainder when 1205 is divided by z.
69
Let g = -24285 + 24375. Calculate the remainder when g is divided by -44*(-6)/(-8)*-1.
24
Let x be (-6)/(10/20 - -1). Suppose 3*s + 166 - 472 = 0. Calculate the remainder when s is divided by (3090/12)/5 + x/(-8).
50
Let x(b) = -2*b**3 - 22*b**2 + b + 10. Let a be x(-11). Let y(j) = 28*j**2 - 4*j - 2. What is the remainder when y(a) is divided by 8?
6
Let x be 1 + (-8)/(3 - -5). Suppose 32*b - 7*b - 950 = x. What is the remainder when 86 is divided by b?
10
Suppose -2 = 2*j + 4. Let u = j + 16. Calculate the remainder when (1 - 8) + ((-642)/(-12))/(6/24) is divided by u.
12
Let q be (4 + 1*28/(-8))*8. Suppose -8*s + 524 = -q*s. Suppose 2*t - 4*w - s = -3*t, -4*w + 30 = 2*t. What is the remainder when 39 is divided by t?
16
Suppose -131*a - 25 + 85 = -128*a. Calculate the remainder when 108 is divided by a.
8
Suppose 59478 = 99*z + 97*z + 235*z. Calculate the remainder when 1644 is divided by z.
126
Let n = 163 - 70. Suppose 4*i = -583 - 5097. Let w = i + 1432. Calculate the remainder when n is divided by w.
9
Suppose 422*k + 405*k - 1929 = 815*k + 135. Calculate the remainder when k is divided by (1/2)/(1/94).
31
Let i = 72 - 92. Let u = -43 - -76. Calculate the remainder when i/8*(1 - (u + 2)) is divided by 15.
10
Let v = 2826 - 2091. What is the remainder when v is divided by 8?
7
Suppose -4*o - 67 = -5*u, 218*u - 41 = 215*u + 2*o. What is the remainder when 73 is divided by u?
13
Let k = -32 - -88. Suppose 23357 - 7138 = -49*a. Let q = a + 346. What is the remainder when k is divided by q?
11
Let n(y) be the first derivative of y**4/2 + y**3/3 - 13*y**2/2 + 24*y + 104. What is the remainder when n(2) is divided by 4?
2
Let t = 4071 - 3129. Calculate the remainder when t is divided by 13.
6
Let w be (14 - 16) + 15*1. Let c = w - -65. What is the remainder when c is divided by 10?
8
What is the remainder when -7 - -7021*(-11 + 12) is divided by 22?
18
Let d be ((-18)/15)/(2/10). Let m = d - -5. What is the remainder when (0 + m)*(-26)/2 is divided by 7?
6
Let t(p) = p**3 - 16*p**2 - 79*p + 83. Calculate the remainder when 2883 is divided by t(20).
102
Let b = 358 - 337. Suppose -b*y + 134 = -97. What is the remainder when (1164/24)/(1/2) is divided by y?
9
Let a(r) = -r**2 - 50*r - 107. Let z(p) = p**2 - 6*p + 3. What is the remainder when a(-47) is divided by z(7)?
4
Suppose -2*j - 12 = 3*h, -7 = 4*j + 3*h + 5. Suppose -3*v = -j*v - 207. Let k = v - 32. What is the remainder when 71 is divided by k?
34
Let r(y) = 4*y - 11. Let f(o) = 3*o + 6. Let v be f(7). Suppose -2*q + 3*u + 15 = -q, v = 3*q - 3*u. What is the remainder when 38 is divided by r(q)?
12
Suppose -3*h = -4*n - 264, 4*n - 196 = -94*h + 92*h. What is the remainder when 360 is divided by h?
84
Let c(k) = k**2 - 7*k + 40. Let o be c(11). Suppose 0 = -h - 4*r + 16, -20*h + o = -17*h + 3*r. What is the remainder when 93 is divided by h?
29
Suppose 37*i = 34*i + 141. Calculate the remainder when 10808 is divided by i.
45
Suppose 30*d = 38*d - 384. Calculate the remainder when d is divided by (2 + (-9)/(-2))*2.
9
Suppose 0 = 4*a - 4*o - 8, -5*a + 4 = -2*o - 3. Let u be 0 + a/(-2)*-4. Suppose -u*p + 49 = -19. What is the remainder when 101 is divided by p?
33
Suppose -2*m + 6*m + 809*r - 810*r = 2604, 0 = -r. Calculate the remainder when m is divided by 15.
6
Let h(y) = 2*y**2 + 51*y - 449. What is the remainder when 97 is divided by h(8)?
10
Suppose 284*j - 220 = 262*j. Let y(d) = d + 16. Calculate the remainder when y(14) is divided by j.
0
Suppose 8 - 28 = -5*l. Suppose l*g - 8 = 32. Suppose g*s - 8*s - 14 = 0. Calculate the remainder when 53 is divided by s.
4
Suppose -17*j + 18*j = -j + 598. What is the remainder when j is divided by 138?
23
Let m(t) = -43*t - 313. Calculate the remainder when 1982 is divided by m(-8).
29
Let m(p) = 2*p**2 - 6*p + 31. What is the remainder when 1207 is divided by m(3)?
29
Let k(s) = -s**2 + s + 7. Let d be k(5). Let g = 16 + d. Suppose -332 = -4*r - 2*n + 160, 2*r - 254 = -g*n. What is the remainder when r is divided by 31?
28
Suppose 105 = -10*d + 17*d. Suppose 2*j = 7*j + 145. Let k = 11 - j. Calculate the remainder when k is divided by d.
10
Let c = -1478 + 1521. Calculate the remainder when 1072 is divided by c.
40
Let i(f) = -5*f**3 - 2*f**2 + 8*f - 50. Let q be i(6). Calculate the remainder when 1/(-4) - q/8 is divided by 21.
18
Let s(l) = -21*l + 9. Let h be s(3). Let y = h + 68. Calculate the remainder when 80 is divided by y.
10
Let l = 573 + -563. Suppose p - 5*p + 64 = 0. What is the remainder when p/(-40)*85/(-1) is divided by l?
4
Let o(y) = -y**2 + 36*y - 65. Let q be o(34). Suppose 3*c - 5*n - 189 = -67, -q*c + 2*n + 137 = 0. What is the remainder when c is divided by (-4)/6 + 160/6?
23
Suppose 15*m - 30527 + 20327 = 0. Calculate the remainder when m is divided by 74.
14
Suppose -5*u + 1611 = 3*g, -236*g + 235*g - 5*u = -527. Calculate the remainder when 1106 is divided by g.
22
Suppose 2*y + 2*y = 228. Let f = 822 - 810. What is the remainder when y is divided by -3*f/(6/(-2))?
9
Let s = 1196 + -451. Suppose -33*m = -s - 1037. Calculate the remainder when m is divided by 33.
21
Let m(a) = a**3 - 3*a**2 + 4*a - 187. Calculate 